Evaluate 1 + (1 + (1 - 8) - -3).
-2
Calculate (-11 - (-2 + -1)) + (7 - 4).
-5
What is the value of (0 - -19) + -99 + 90?
10
(6 - 3) + -1 + -1 - 2
-1
Evaluate (-10 - -2) + (10 - 15) - -7.
-6
11 + -2 + -5 + (-1 - 3)
0
What is the value of -4 - (-3 - (-4 - -5 - -4))?
4
Calculate 4 - (4 + (3 - 6) + 2).
1
-3 - (5 - 2 - -1) - -2
-5
What is the value of -4 + 5 - (-19 - -18)?
2
(5 - 7 - 3) + 2
-3
What is (8 - 3) + -5 + 3?
3
Evaluate -1 + 6 + (3 - 6) + 0.
2
(7 - (7 + -3)) + 0 + 2
5
Calculate -4 + (-9 - -9) + -1.
-5
Evaluate -9 - (-4 - (3 + -3)).
-5
Calculate -3 - (4 + -6 + -3).
2
Evaluate -6 + 6 + -10 + 11.
1
Evaluate -2 + (-6 - -4) + 7.
3
What is 0 + (4 - (6 - 2)) + 1?
1
Evaluate -8 - -14 - (5 + -2).
3
What is (15 - (10 + -6)) + -13?
-2
Evaluate 1 - 6 - (-1 - (3 + -1)).
-2
What is the value of (-4 - 0) + 0 - -6?
2
What is (0 + -1 - 4) + 8?
3
Evaluate (31 - 33) + (-1 - (-4 + 1)).
0
-2 + 10 + (-12 - -8)
4
Calculate 18 + (-31 + 10 - -10).
7
What is -3 + -1 + (1 - -2) + -2?
-3
Calculate (8 - 5) + 4 + (-6 - -4).
5
What is the value of 2 - (8 - (6 + -3))?
-3
What is 1 - (-4 - (0 + -1 - 1))?
3
What is -5 + (12 - 15 - (-12 - 3))?
7
(11 - -7 - 3) + -8
7
Evaluate 15 - 7 - (20 + -10).
-2
Evaluate (0 - (-2 - -3)) + -47 + 38.
-10
-2 + -7 - (5 - 8)
-6
What is -11 - (-2 + -12 + -2)?
5
Evaluate 3 + -4 - (-4 + -4 + 5).
2
What is -2 + (-1 - 2 - (1 + -5))?
-1
What is -2 + 0 + -1 + -6 + 11?
2
Evaluate 2 - (-1 + -3) - 1.
5
What is the value of -3 - 2 - (-9 + 16) - -7?
-5
Evaluate (-5 - -16) + (-4 - (6 + -6)).
7
What is 0 + (-5 + -1 - -15)?
9
What is the value of -4 + 2 + 9 + -6 - -4?
5
What is -5 + 3 + -3 - -7?
2
Evaluate (81 - 76) + 2 + 0.
7
Evaluate -2 + (3 - (1 - -1 - 2)).
1
What is the value of (0 - (4 + -3)) + -3 + -2?
-6
What is the value of 2 - -4 - (13 - (1 + 6))?
0
Calculate -5 + 2 - (-4 + 0 - 3).
4
Calculate (-27 - -33) + 0 + -6 + -7.
-7
Calculate 0 - (-8 - (-1 + -5)).
2
Evaluate 0 + (-7 + 1 - -8).
2
-5 + 13 + -3 + -3 + -5
-3
(-2 + 7 - (-8 - -7)) + -11
-5
8 - (2 - (-13 + 10))
3
What is the value of (3 + 6 - 5) + (-2 - -1)?
3
What is (5 - 1) + (-4 - (0 - 4))?
4
What is the value of -1 - 0 - (1 + 6 + -5)?
-3
What is (12 - 10) + -2 + -3?
-3
Evaluate -8 + -5 + (-1 - -6) + 3.
-5
Calculate 1 + -4 + 0 + 0.
-3
-12 + 12 - (-2 - 2)
4
What is (-1 - -1) + (-3 - -7) + 2?
6
(3 - 2 - 0) + -6
-5
Evaluate 1 - (7 + 0 - -1).
-7
(-1 - 3) + (13 - 10 - -2)
1
9 + 1 - (10 - 0)
0
0 + -4 + 2 + 6
4
Evaluate 12 - 17 - (1 - 9).
3
-7 + (-5 - (-4 + -4))
-4
Calculate 7 + -16 + 7 + 1.
-1
Evaluate (12 - 16) + 13 + -1.
8
What is the value of 152 + -136 + 0 + -5?
11
What is the value of 4 + 0 - (10 + -5)?
-1
(-3 - -7) + -15 + 12
1
What is 4 + (1 - (4 - -5 - 4))?
0
Evaluate 0 - (3 - (4 - (3 - -1))).
-3
3 + (10 - 12 - (0 - 0))
1
Calculate -20 - (-1 + 7 + -15).
-11
What is 8 + -4 - (1 - (-1 + 0))?
2
What is -36 + 50 + -10 + 4?
8
What is the value of (37 - 35) + (0 - -1 - 5)?
-2
-8 + (11 + -15 - -5)
-7
Calculate 1 + -1 - (4 + -1) - -3.
0
Evaluate -5 - (0 + -3 - (-2 + 2)).
-2
Calculate -4 + -3 + -4 + 7.
-4
Evaluate -1 + 2 + 14 + -20.
-5
What is the value of (4 - (-4 - -3)) + -5?
0
Calculate 12 - (11 + -1) - -6.
8
What is the value of 1 - 2 - (3 + -7)?
3
Evaluate -3 - (2 + -6 + (-14 - -12)).
3
Evaluate 2 + -3 + (-2 - 2).
-5
What is 8 + (-8 - -4) + 0?
4
Calculate 74 + -60 - (9 + 0).
5
Evaluate 3 - ((8 - 6) + -1 + 4).
-2
What is 34 + -35 + (-1 - (1 - -7))?
-10
Evaluate 4 + (-14 - -5) + 1 + 5.
1
What is 4 + -2 + -1 + 2?
3
What is the value of 2 + -5 - (-2 - 2)?
1
What is (-28 + 23 - (1 - 1)) + -2?
-7
Evaluate 4 + 0 - (-5 + 4).
5
What is the value of -1 + -1 - (67 - 62)?
-7
What is 9 + -2 - (-16 - -14)?
9
Evaluate -4 - (2 - 0 - 11).
5
Calculate 7 + 0 + -5 - (1 - 1).
2
What is -4 - 3 - 1 - (6 + -24)?
10
Evaluate -9 + 1 - (-10 + 2).
0
What is the value of 0 + 1 + (-4 - (-12 - -14))?
-5
0 - 0 - -7 - (5 + -2)
4
What is the value of -43 - -45 - (-1 + 3 + 2)?
-2
What is 2 + (-8 + 18 - (8 - 1))?
5
Calculate 20 + 10 + -16 - (7 - 1).
8
Evaluate 2 - (-1 + -5 + 18 + -7).
-3
What is -5 - -5 - 0 - 2?
-2
Evaluate -1 - -3 - (-2 - -19 - 20).
5
What is 0 + -7 - (-19 - (-5 + 2))?
9
What is the value of (-6 - (-9 - -4)) + (1 - -2)?
2
Calculate 0 - (-3 + 1 - -2) - 4.
-4
Calculate 7 - 5 - (11 + -10).
1
-1 - ((5 - 4) + -4 + 6)
-4
-12 + 1 + (29 - 8)
10
What is (3 - (0 + 3) - 3) + 3?
0
7 + (7 - 2 - 12)
0
What is -8 - (-6 + 3 - -4 - 5)?
-4
What is 4 - (0 + (6 - 2 - -1))?
-1
Calculate 5 + -11 + 0 - -8.
2
Calculate 3 - ((-2 - -3) + 2 + -5).
5
(5 + -3 - 3) + 0 + 5
4
Calculate -4 + (-5 + 12 - (-1 + 7)).
-3
Evaluate -7 + 3 + (5 - (-2 - -2)).
1
Evaluate (-2 - -12) + 2 - 11.
1
2 + 3 + 7 + -21 + 6
-3
Calculate 4 + -13 + 13 + -7 + 0.
-3
Evaluate 0 + (-3 - (4 - 6)).
-1
Calculate 8 + 2 + -6 + -1 + 0.
3
What is the value of -5 - (8 + (3 - 11))?
-5
5 + -16 + 7 + 6
2
What is 0 + -4 + (-3 - 5 - -13)?
1
Evaluate 4 + (2 + 2 - (3 - 0)).
5
What is the value of -1 - (-1 - 3 - 2)?
5
What is the value of 2 - (-2 + (5 - 0))?
-1
19 + -22 + (-2 - 3) - -7
-1
What is -2 - (2 - 3) - (2 - 5)?
2
What is 18 + -9 + -4 + -3?
2
6 + (4 - (5 + (-3 - -2)))
6
11 + -8 - (-2 + 3) - 9
-7
What is 7 + -2 + 0 - 11?
-6
What is -2 + (1 - -2) + -3?
-2
1 + 0 + (0 - 2) + -2
-3
3 - (2 - (-3 - -3))
1
What is 10 + -9 - (0 - -2 - 0)?
-1
What is the value of -6 - (-1 + 6 - 10)?
-1
What is the value of -5 - (-7 - (-25 - -12))?
-11
What is the value of -8 + -5 + 5 - -15?
7
What is the value of -1 + 0 - (-15 + 19)?
-5
-3 - -2 - (6 + -2)
-5
What is the value of 8 + (-13 - -11) + (-1 - -1)?
6
What is the value of -8 + (6 - (-5 + 8)) + 2?
-3
What is -6 - (4 - (-1 + -4 + 14))?
-1
What is -7 + 4 + (-3 - -9)?
3
What is (3 - (-1 + 0)) + 0?
4
Calculate (4 - 4) + -11 + 6.
-5
What is the value of 9 + 0 + -10 + 6 + -1?
4
Calculate 9 + -4 + (4 - (1 - -4)).
4
Calculate 7 + (-2 - (-2 - -1)) - 1.
5
(-1 - 1 - (1 - 2)) + 3
2
What is the value of 1 - (8 + -6 + 0)?
-1
What is the value of (2 - 10 - -5) + -3?
-6
What is -5 - (5 + 1 + -4 - 9)?
2
Calculate -2 - (1 + (3 + -1 - 9)).
4
3 + (-5 + 2 - 9 - -4)
-5
What is the value of (-2 - 2) + (3 - 0) + -3?
-4
What is 2 - (-1 + 9 + -2)?
-4
Evaluate (11 - (-4 - -11)) + 0.
4
Calculate 3 - (4 - (-4 + 4) - 4).
3
Evaluate 1 - (-9 - -9) - -5.
6
Calculate -1 + (5 - -1) + -6.
-1
What is (-5 + -3 - -4) + 3?
-1
Calculate -13 - (3 - (-5 - -17)).
-4
Evaluate (-2 + 5 - 0) + -1 + -5.
-3
Calculate 2 + -3 - (-2 - 2).
3
What is 3 + -7 + (0 - -8)?
4
What is the value of -5 + -7 + 1 + 14 - -1?
4
What is the value of (0 - (0 + 0)) + -3 - 1?
-4
-3 - (-4 - (0 - 1 - 1))
-1
What is the value of -3 + 0 - (-5 - (0 - 5))?
-3
What is the value of 3 + (4 - 6 - -4)?
5
What is the value of -6 + (1 - (0 + -2))?
-3
What is (-4 + 10 - 0) + (2 - 4)?
4
What is -2 - 1 - (4 + 2 - 5)?
-4
What is 5 - (13 + -1 + -8)?
1
What is the value of 7 + 2 + (5 - 9)?
5
0 - (5 - (4 - -8))
7
What is the value of -3 + -9 - -17 - (-4 - 1)?
10
What is the value of (19 - 17) + (0 - 1)?
1
What is (-4 + 1 - 2) + 8?
3
(-5 - -8 - 3) + -5
-5
What is -9 + 6 + (-8 - -15)?
4
What is 12 + (-5 - 2) + -4 + 1?
2
What is (-2 - -3) + 0 + (-57 - -48)?
-8
What is the value of 2 - (-102 + 98 + 0 + 8)?
-2
What is 3 + (-7 - -2) + 4 - -4?
6
What is the value of -20 + 15 + (4 - -2 - 1)?
0
2 + (6 - -2) + -3
7
Calculate (8 - (-5 + 7)) + -1 + 5.
10
What is -1 + -4 + (-35 - -37)?
-3
What is the value of 3 + 1 + -2 - -2?
4
What is 2 - 0 - (2 + -6 - -5)?
1
Evaluate (3 - 8 - (-3 + 0)) + 2.
0
What is -6 - -6 - (-8 - -3)?
5
What is 9 + -3 + 6 + -8?
4
5 - -4 - 7 - (-4 + 2)
4
Calculate 0 + -1 - (-14 + 13).
0
Calculate -1 - -3 - (6 - -5).
-9
Calculate -6 + (-2 - (-5 + -2)).
-1
Calculate 3 + (2 - (11 - -6)) + 6.
-6
What is -1 + (0 - (4 + 0 + 1))?
-6
What is the value of 2 - (-5 + (0 - -7) + 3)?
-3
(-11 - (-4 + 0)) + (2 - -1)
-4
Evaluate (-2 - (2 + 1)) + (51 - 42).
4
Calculate (15 - 17) + 2 + -5 + -1.
-6
What is the value of 0 + 0 + (-2 - (1 - 1))?
-2
Evaluate (47 - 51) + (0 - (-1 + -4)).
1
What is 2 + 0 + -8 - (45 + -54)?
3
What is the value of (-4 + 18 - 3) + -6 + -7?
-2
What is -14 - -17 - (-1 - -1)?
3
What is -3 - (3 - 8 - -2) - -3?
3
Calculate -6 + (12 - 4) - (-1 - -4).
-1
What is -26 - -24 - 4 - (-6 + -1)?
1
What is the value of (8 - 8) + 1 + -2 + -3?
-4
What is -15 + 24 - -3 - 11?
1
Calculate -1 - (-4 - -9 - -1).
-7
Evaluate 4 - (7 + 3 + -11).